ivided by q(v)?
16
Let h = 34141 - 33951. Calculate the remainder when 12539 is divided by h.
189
Suppose -5*v - 471 = -2781. Let p = v + -233. Suppose 0 = 3*i + 4*k - p, k + 397 = -0*i + 5*i. Calculate the remainder when i is divided by 20.
19
Let u(g) = g**3 + 18*g**2 + 42*g - 30. Calculate the remainder when u(-13) is divided by (1/3)/(-9 - (-2464)/273).
9
Let v(y) = 5*y**2 - 35*y - 242. Calculate the remainder when 510 is divided by v(14).
14
Let d(r) = 3*r**3 + r**2 + 44*r - 137. What is the remainder when 3818 is divided by d(3)?
78
Suppose 0 = 5*u - 25, -2*u = 4*o - 7*o + 29. Let n = o - -24. Let d = n - -14. Calculate the remainder when d is divided by 14.
9
Suppose 2*a + 0*a = 54. Let r(n) = 8*n**3 - 16*n**2 + n - 2. Let u be r(2). Suppose 0 = -y - u + 14. What is the remainder when a is divided by y?
13
Suppose 2*f - 3477 = 10*f - 20005. Calculate the remainder when f is divided by 148.
142
Let b be 335/15 - (0 - (-1)/3). Suppose s = -2*x + b, -10*s + 8*s + 31 = 3*x. What is the remainder when 89 is divided by x?
11
Suppose 2*d = 2*i - 118, 3*i - 307 = -3*d - 118. Suppose 2*c = -4*h + 22, -5*c + 64 = 76*h - 75*h. Calculate the remainder when i is divided by c.
9
Let g = 8 + -31. Let d = g + 39. Calculate the remainder when d is divided by -188*4/(-76) - (-4)/38.
6
Let y(h) = 17*h**2 + 2*h - 5. Let q(j) = -19*j**2 - 2*j + 5. Let w(a) = 4*q(a) + 5*y(a). What is the remainder when w(-3) is divided by 8?
6
Let z(s) = -2*s + s**3 - 6*s - 98 + 7*s**2 + 3*s - 8*s - 5*s. Calculate the remainder when 42 is divided by z(-7).
14
Let g(d) = -d**2 - 11*d + 8. Let v be g(-9). Suppose -j = -v + 53. Calculate the remainder when 17 is divided by 50/6 + (-18)/j.
8
Suppose 4*f + 176 = 3*a, f - 16 = -3*f. Suppose -40*y = -38*y - a. What is the remainder when y is divided by 10?
2
Calculate the remainder when (-2)/6 + 914252/438 is divided by 24.
23
Let t be 6 + -8 + -2 + 8. Suppose 3*u + 66 = 3*q, t*u - 58 - 70 = -5*q. Calculate the remainder when q is divided by 11.
2
Let a be ((-6)/(-9))/(4 + 30/(-9)). What is the remainder when (-11)/a*(-5)/((-35)/(-91)) is divided by 36?
35
Let h = -19 + 30. Suppose -12*c = -h*c - 58. Calculate the remainder when c is divided by 27.
4
Let f = 2 - -2. Suppose f*l = -2*x + 108, -135 = -2*x + 2*l + 3*l. What is the remainder when 115 is divided by 5*-4*(-87)/x?
28
Let t be (-7 - 242/(-33))/(2/144). Suppose -14*b = -t*b + 1300. What is the remainder when b is divided by 35?
25
Let t(g) = -2*g + 7. Suppose -6*z - 6 = -5*z. Let q be t(z). Suppose -22*c = -q*c - 75. What is the remainder when 86 is divided by c?
11
Let v = 6385 + -6234. What is the remainder when v is divided by 12?
7
Let t = 17167 - 17005. What is the remainder when 8259 is divided by t?
159
Let m = 2213 - 1452. What is the remainder when m is divided by 243?
32
Suppose -8*u + d + 176 = -6*u, 3*u - 237 = -3*d. What is the remainder when 326 is divided by u?
71
Suppose 0 = 4*p - 2*m - 530, 0 = 3*m - 7*m + 12. Let z = -5 - -74. What is the remainder when p is divided by z?
65
Let t = -2372 + 2419. Calculate the remainder when 702 is divided by t.
44
Let h(s) = 6*s**3 + 2*s**2 - 23. Calculate the remainder when 2824 is divided by h(3).
155
Let i = -4 - -6. Suppose -i*k - 3*k + 140 = 0. Let u = -32769 + 32879. What is the remainder when u is divided by k?
26
Let r = 16449 + -16402. Calculate the remainder when (138/(-7))/((-3)/21) is divided by r.
44
Let a(b) = b**2 - 75*b + 1012. Calculate the remainder when a(67) is divided by 157.
5
Suppose -6*w + 15 = -27. Suppose 208 = 2*q - 3*x, -q + 12*x + 104 = w*x. Calculate the remainder when q is divided by 16.
8
Let b be 3/15 - (-94)/(-10)*-62. Suppose -4*s = -5*f - 1059, f - 58 = 2*s - b. Let a = s + -84. Calculate the remainder when a is divided by 30.
27
Let h = 25022 - 24953. Calculate the remainder when 893 is divided by h.
65
Suppose -279*j - 16 = -280*j. Let g(m) = -72 + 41*m**2 + 71 - m + 36*m**2. Calculate the remainder when g(-1) is divided by j.
13
Let v(g) = -6*g**2 - 34*g + 16. Let r = -294 - -288. What is the remainder when 55 is divided by v(r)?
3
Suppose 29*x + 12*x - 93340 = 28*x. What is the remainder when x is divided by 7?
5
Let c(d) = d**3 - 5*d - 8. Let s be c(-2). Suppose -7*h + 2*h = -170. What is the remainder when -4 - (-69)/((-6)/s) is divided by h?
31
Let f = -213 - -131. Let b = -68 - f. Calculate the remainder when 26 is divided by b.
12
Let b(u) = 38*u**2 + 7*u + 5. Let q be b(-1). Suppose -32*n + q*n = 76. Calculate the remainder when 49 is divided by n.
11
Let z(o) = -4*o**3 + 5*o**2 + 8*o - 9. What is the remainder when z(-6) is divided by 7?
0
Calculate the remainder when (-2 - -3)/((-90)/(-49410)) is divided by 18.
9
Let x(r) = -225*r - 19. Let k be x(-2). Suppose -13*j = -k + 28. Calculate the remainder when 338 is divided by j.
28
Suppose 5*f = -5*d + 840, -f - 644 = -5*d + 172. Calculate the remainder when (-4 + d - 1)*4/6 is divided by 27.
25
Suppose 27 = -3*n - 4*o, -55*n + 51*n + 4*o - 8 = 0. What is the remainder when -2*n/50 - (-1540)/50 is divided by ((-19)/4)/(2/(-8))?
12
Let f(i) = 112*i - 6145. Calculate the remainder when f(121) is divided by 57.
54
Let q = -12 - -14. Suppose -83 - 1 = -q*o. Suppose 77*t + 105 = 84*t. Calculate the remainder when o is divided by t.
12
Suppose 57151 = 56*f + 19502 - 75863. What is the remainder when f is divided by 70?
67
Let d = -42 - -54. Suppose 0*m + 5*m = 25, -127 = 2*o + m. Let n = o + 101. What is the remainder when n is divided by d?
11
Let w be (179/3)/((-6)/18). Let l = -131 - w. Calculate the remainder when 138 is divided by l.
42
Let u(d) = -3 - 4*d + 4*d + 2 - d**2. Let r(i) = -10*i**2 + 8*i - 28. Let q(f) = r(f) - 12*u(f). Calculate the remainder when q(7) is divided by 35.
33
Let f be 8/(-2) - (-9)/1. Let j(i) = i**3 - 7*i**2 + 7*i - 8. Let x be j(f). What is the remainder when 7/(14/(-6)) - x is divided by 12?
8
Suppose 0 = 5*g - 2*g - 4*a + 49, -g - 19 = -4*a. Let f(i) = -i**2 - 8*i + 8. What is the remainder when 39*(-55)/g + 4 is divided by f(-7)?
12
Let o(s) = -39*s - 259. Let p be o(-7). Suppose 0 = -5*f + p*f - 81. Calculate the remainder when f is divided by 6.
3
Suppose -3*d + 7478 = -2*t + 1056, 4*d - 5*t - 8572 = 0. What is the remainder when d is divided by 20?
18
Let x(s) = -1 + 1 + 10*s + 0 - s**2 - 1. Calculate the remainder when (-1 - 4) + 105 + (4 - 5) is divided by x(7).
19
Suppose 9*o = -283 + 688. Suppose 2*c - 63 = -g, 27*g = 2*c + 22*g - o. Calculate the remainder when 179 is divided by c.
29
Suppose -3*k = 5*a - 1314, -a + 2*a = -3*k + 270. Suppose -39*y - a = -48*y. Calculate the remainder when 56 is divided by y.
27
Suppose 130 = -0*a + 5*a. Let r(c) = -17*c + 113. Let k be r(7). Calculate the remainder when a is divided by -6 - (k + -5 - 0) - -4.
8
Let z = -683 + 398. What is the remainder when 121 is divided by (-3*(-4)/(-30))/(3/z)?
7
Suppose 13*c - 358 = -3*j + 11*c, j = 5*c + 142. What is the remainder when 724 is divided by j?
114
Suppose 1501 = 14*g - 627. Let j = 183 - g. What is the remainder when j is divided by 11?
9
Suppose 2*s - 32 = -2*s. Suppose 5*f + 4*z - 249 = 0, 4*f - s*z = -3*z + 232. Suppose -4*v + 5*v = f. What is the remainder when v is divided by 14?
11
Let n = 160 - 166. What is the remainder when (0 - 3216/(-14)) + n/(-21) is divided by 13?
9
Suppose -10*b - 13 = -53. Suppose -4*g = -b*o + 100, -g = 5*o - 3*g - 122. Calculate the remainder when 70 is divided by o.
22
Let y = 547 + -514. Let t(z) = z**3 - 33*z**2 + 9*z - 14. What is the remainder when t(y) is divided by 41?
37
Let c(r) = r + 47. Suppose -11*j + 23 = 210. What is the remainder when 51 is divided by c(j)?
21
Suppose -5*w = -0*w + 15. Let d(q) = 16*q + 2. Let t(r) = 47*r + 6. Let z(h) = 17*d(h) - 6*t(h). What is the remainder when z(w) is divided by 11?
6
Calculate the remainder when (-4)/18 + 520/72 is divided by 0 - (12/15 + 14/(-5)).
1
Suppose -5*b = 3*p - 98, 5*p - 125 = -5*b + 25. Let l(c) = c**3 + 31*c**2 + c + 46. Let j be l(-31). What is the remainder when p is divided by (270/j)/(1 + 1)?
8
Let x(n) = 762*n**2 + 243*n - 945. What is the remainder when x(4) is divided by 17?
13
Let q = 13 + -9. Suppose -5*l + 6*l = i + 116, 598 = 5*l + q*i. Suppose -2*h + 66 = 2*m, -3*m + l - 17 = 5*h. What is 